{"id":59,"date":"2016-10-17T14:39:24","date_gmt":"2016-10-17T14:39:24","guid":{"rendered":"http:\/\/www.demo.acmethemes.com\/education-base\/?page_id=59"},"modified":"2017-08-08T10:52:59","modified_gmt":"2017-08-08T10:52:59","slug":"desporto","status":"publish","type":"page","link":"https:\/\/intranet.espamol.net\/index.php\/desporto\/","title":{"rendered":"Desporto Escolar"},"content":{"rendered":"<div class=\"ds-1col node node--page view-mode-full node--full node--page--full clearfix\">\n<div class=\"field field--name-title field--type-ds field--label-hidden\">\n<div class=\"field__items\">\n<div class=\"field__item even\">\n<h2>Vis\u00e3o, Miss\u00e3o e Valores<\/h2>\n<\/div>\n<\/div>\n<\/div>\n<div class=\"field field--name-body field--type-text-with-summary field--label-hidden\">\n<div class=\"field__items\">\n<div class=\"field__item even\">\n<p><strong>Vis\u00e3o<\/strong><\/p>\n<p>Fazer com que todos os alunos do sistema educativo pratiquem regularmente atividades f\u00edsicas e desportivas.<\/p>\n<p><strong>Miss\u00e3o<\/strong><\/p>\n<p>Proporcionar o acesso \u00e0 pr\u00e1tica desportiva regular e de qualidade, contribuindo para a promo\u00e7\u00e3o do sucesso escolar dos alunos, dos estilos de vida saud\u00e1veis, de valores e princ\u00edpios associados a uma cidadania ativa.<\/p>\n<p><strong>Valores<\/strong><\/p>\n<p>A atividade desportiva desenvolvida ao n\u00edvel do Desporto Escolar p\u00f5e em jogo potencialidades f\u00edsicas e psicol\u00f3gicas, que contribuem para o desenvolvimento global dos jovens, sendo um espa\u00e7o privilegiado para fomentar h\u00e1bitos saud\u00e1veis, compet\u00eancias sociais e valores morais, de entre os quais se destacam:<\/p>\n<ul>\n<li>Responsabilidade<\/li>\n<li>Esp\u00edrito de equipa<\/li>\n<li>Disciplina<\/li>\n<li>Toler\u00e2ncia<\/li>\n<li>Perseveran\u00e7a<\/li>\n<li>Humanismo<\/li>\n<li>Verdade<\/li>\n<li>Respeito<\/li>\n<li>Solidariedade<\/li>\n<li>Dedica\u00e7\u00e3o<\/li>\n<\/ul>\n<\/div>\n<\/div>\n<\/div>\n<\/div>\n","protected":false},"excerpt":{"rendered":"<p>Proporcionar o acesso \u00e0 pr\u00e1tica desportiva regular e de qualidade, contribuindo para a promo\u00e7\u00e3o do sucesso escolar dos alunos, dos estilos de vida saud\u00e1veis, de valores e princ\u00edpios associados a uma cidadania ativa.<\/p>\n","protected":false},"author":3,"featured_media":469,"parent":0,"menu_order":0,"comment_status":"closed","ping_status":"closed","template":"","meta":{"footnotes":""},"class_list":["post-59","page","type-page","status-publish","has-post-thumbnail","hentry"],"_links":{"self":[{"href":"https:\/\/intranet.espamol.net\/index.php\/wp-json\/wp\/v2\/pages\/59","targetHints":{"allow":["GET"]}}],"collection":[{"href":"https:\/\/intranet.espamol.net\/index.php\/wp-json\/wp\/v2\/pages"}],"about":[{"href":"https:\/\/intranet.espamol.net\/index.php\/wp-json\/wp\/v2\/types\/page"}],"author":[{"embeddable":true,"href":"https:\/\/intranet.espamol.net\/index.php\/wp-json\/wp\/v2\/users\/3"}],"replies":[{"embeddable":true,"href":"https:\/\/intranet.espamol.net\/index.php\/wp-json\/wp\/v2\/comments?post=59"}],"version-history":[{"count":3,"href":"https:\/\/intranet.espamol.net\/index.php\/wp-json\/wp\/v2\/pages\/59\/revisions"}],"predecessor-version":[{"id":467,"href":"https:\/\/intranet.espamol.net\/index.php\/wp-json\/wp\/v2\/pages\/59\/revisions\/467"}],"wp:featuredmedia":[{"embeddable":true,"href":"https:\/\/intranet.espamol.net\/index.php\/wp-json\/wp\/v2\/media\/469"}],"wp:attachment":[{"href":"https:\/\/intranet.espamol.net\/index.php\/wp-json\/wp\/v2\/media?parent=59"}],"curies":[{"name":"wp","href":"https:\/\/api.w.org\/{rel}","templated":true}]}}